{"id":12,"date":"2022-11-28T10:44:34","date_gmt":"2022-11-28T09:44:34","guid":{"rendered":"http:\/\/torestorpsif.se\/?page_id=12"},"modified":"2026-02-23T20:26:38","modified_gmt":"2026-02-23T19:26:38","slug":"uthyrning-lokaler","status":"publish","type":"page","link":"https:\/\/torestorpsif.se\/?page_id=12","title":{"rendered":"Uthyrning lokaler"},"content":{"rendered":"\n<p><strong>Klubblokalen<\/strong><\/p>\n\n\n\n<p>Klubblokalen vid Svansj\u00f6vallen \u00e4r l\u00e4mplig att hyra f\u00f6r s\u00e4llskap upp till 50 personer, kontakta Johan Florell, 070-258 25 59<\/p>\n\n\n\n<p>Hyra: Helg: 1000:-<\/p>\n\n\n\n<p>Dag + kv\u00e4ll 600:-<\/p>\n\n\n\n<p>Halvdag eller enbart kv\u00e4ll 300:-.<\/p>\n\n\n\n<p>Nyckelutl\u00e4mnare: Johan Florell 070-258 25 59<\/p>\n\n\n\n<p>V\u00e5r festplats Hjortn\u00e4s kan hyras, kontakta Gunnel eller Ingemar Andersson, tel. 070-203 79 06<\/p>\n\n\n\n<p><\/p>\n\n\n\n<p><strong>Hjortn\u00e4s<\/strong><\/p>\n\n\n\n<p>V\u00e5r festplats Hjortn\u00e4s kan hyras, kontakta Gunnel eller Ingemar Andersson, tel. 070-203 79 06<\/p>\n\n\n\n<p><strong>V\u00e4gbeskrivning Hjortn\u00e4s:<\/strong><\/p>\n\n\n\n<p>Eniro karta Hjortn\u00e4s,&nbsp;<a href=\"http:\/\/kartor.eniro.se\/m\/p4jlf\">Klicka h\u00e4r<\/a><\/p>\n\n\n\n<p><strong>Koordinater<\/strong><\/p>\n\n\n\n<p>WGS 84:N 57\u00b0 23.959&#8242;, E 12\u00b0 37.141&#8242;<\/p>\n\n\n\n<p>WGS 84 &#8211; decimal:57.39932, 12.61902<\/p>\n\n\n\n<p>RT90:6368243, 1308487<\/p>\n\n\n\n<p>SWEREF99:6364343, 356930<\/p>\n\n\n\n<p>Hjortn\u00e4s festplats ligger utefter v\u00e4gen mellan Torestorp och \u00d6xnevalla.<\/p>\n","protected":false},"excerpt":{"rendered":"<p>Klubblokalen Klubblokalen vid Svansj\u00f6vallen \u00e4r l\u00e4mplig att hyra f\u00f6r s\u00e4llskap upp till 50 personer, kontakta Johan Florell, 070-258 25 59 Hyra: Helg: 1000:- Dag + kv\u00e4ll 600:- Halvdag eller enbart kv\u00e4ll 300:-. Nyckelutl\u00e4mnare: Johan Florell 070-258 25 59 V\u00e5r festplats Hjortn\u00e4s kan hyras, kontakta Gunnel eller Ingemar Andersson, tel. 070-203 79 06 Hjortn\u00e4s V\u00e5r festplats [&hellip;]<\/p>\n","protected":false},"author":1,"featured_media":0,"parent":0,"menu_order":0,"comment_status":"closed","ping_status":"closed","template":"","meta":{"om_disable_all_campaigns":false,"_monsterinsights_skip_tracking":false,"_monsterinsights_sitenote_active":false,"_monsterinsights_sitenote_note":"","_monsterinsights_sitenote_category":0,"footnotes":""},"class_list":["post-12","page","type-page","status-publish","hentry"],"aioseo_notices":[],"_links":{"self":[{"href":"https:\/\/torestorpsif.se\/index.php?rest_route=\/wp\/v2\/pages\/12","targetHints":{"allow":["GET"]}}],"collection":[{"href":"https:\/\/torestorpsif.se\/index.php?rest_route=\/wp\/v2\/pages"}],"about":[{"href":"https:\/\/torestorpsif.se\/index.php?rest_route=\/wp\/v2\/types\/page"}],"author":[{"embeddable":true,"href":"https:\/\/torestorpsif.se\/index.php?rest_route=\/wp\/v2\/users\/1"}],"replies":[{"embeddable":true,"href":"https:\/\/torestorpsif.se\/index.php?rest_route=%2Fwp%2Fv2%2Fcomments&post=12"}],"version-history":[{"count":5,"href":"https:\/\/torestorpsif.se\/index.php?rest_route=\/wp\/v2\/pages\/12\/revisions"}],"predecessor-version":[{"id":369,"href":"https:\/\/torestorpsif.se\/index.php?rest_route=\/wp\/v2\/pages\/12\/revisions\/369"}],"wp:attachment":[{"href":"https:\/\/torestorpsif.se\/index.php?rest_route=%2Fwp%2Fv2%2Fmedia&parent=12"}],"curies":[{"name":"wp","href":"https:\/\/api.w.org\/{rel}","templated":true}]}}